pose 24 = 2*g + 5*f, 0 = g + 2*g - 5*f + 14. What are the prime factors of (-3 - (-3 - 5)) + 321 + g?
2, 41
Let c(n) = n**2 + 9*n + 16. Let o be c(-7). Let b be -8 + o + (0 - -3) + 73. Suppose 7*p - b = 2*p. List the prime factors of p.
2, 7
Let y be ((-39)/9)/((-6565)/(-1095) - 6). Suppose -q + y + 10 = 0. What are the prime factors of q?
7, 137
Let r(c) = -c**2 + 6*c + 2. Let q be r(6). Suppose 4*k = -q*b + 4, b + b = 2*k - 14. What are the prime factors of (8 - k) + -6 + -1 + 5?
3
Suppose 0 = 2*j + 3*b - 22681, 2*j - 22688 = -6*b + 4*b. What are the prime factors of j?
11351
Let k(s) = 7*s - 9. Let q be k(2). Suppose m + 1 = -0*x + 2*x, -q*m - 3*x - 31 = 0. List the prime factors of ((-1)/2)/(m/900*3).
2, 3, 5
Suppose 41*n - 319462 = 622677. List the prime factors of n.
11, 2089
Let s(m) = 10*m**2 + m - 27. Let o be (-1 + -149)/5*(-2)/(-5). What are the prime factors of s(o)?
3, 467
Suppose 15*n - 56988 = 8*n - 5*z, n = z + 8148. List the prime factors of n.
2, 509
Suppose -3*x + 471 = -7*x + 3*t, -3*x + 2*t = 354. Let o(j) = 11*j**2 + 3*j + 20. Let d be o(-4). Let f = x + d. What are the prime factors of f?
2
Let t(b) = b**2 + 5*b - 6. Let h be t(3). Suppose h*q - 2388 = 6*q. Let k = q + -85. List the prime factors of k.
2, 3, 19
Suppose z + 5*w = w - 1, 4*z + 4*w + 64 = 0. Let f = z + 36. Suppose 0 = -2*i + 5*b + 178, i = b - f + 101. List the prime factors of i.
2, 3, 7
Suppose 3*w + 30 = 8*w. Suppose 0 = w*i - 0*i - 72. What are the prime factors of i?
2, 3
Let m = -7823 - -18975. What are the prime factors of m?
2, 17, 41
Let a(x) = 11*x**2 + 11*x + 21. Let w = -9 + 14. Let n be 8/(-2) + w/(-5). List the prime factors of a(n).
241
Suppose -6*i + i - 22 = -3*f, i - 6 = -2*f. Let z(k) = -278*k + 1. What are the prime factors of z(i)?
557
Suppose 18*d - 675621 = 89775. What are the prime factors of d?
2, 3, 19, 373
Suppose 75049 = 5*w + 4*i, 279*w = 276*w - 2*i + 45031. List the prime factors of w.
15013
Suppose -22*z + 28*z + 60 = 0. What are the prime factors of (2 + (-58)/4)*z?
5
Suppose 2*t - 15 = 5*o - 0*o, -15 = 2*t + o. Let c be (t - 0)/5 - 3. What are the prime factors of 281/3 + c/6?
3, 31
Suppose -2*i = 2*y + 124, 3*i + y = -96 - 82. Let o be (-691)/(-9) - 2/(-9). Let s = i + o. What are the prime factors of s?
19
Suppose y + 15*z - 13*z - 3070 = 0, 2*y - 6145 = z. What are the prime factors of y?
2, 3
What are the prime factors of 4876 + (4/6)/((-18)/27*1)?
3, 5, 13
Let u = -7400 + 28317. List the prime factors of u.
13, 1609
Suppose 0 = 135*r + 66*r - 1505088. List the prime factors of r.
2, 3, 13
Let t be ((-15)/(-6))/(-3 - 28/(-8)). Suppose t*q = -3*l + 3, 4*q - 2 - 3 = -5*l. Suppose 0 = -4*d - q*d - 8, -4*w = 5*d - 310. What are the prime factors of w?
2, 5
Let s = 16113 - 10504. What are the prime factors of s?
71, 79
Let r = 136125 + -78032. What are the prime factors of r?
7, 43, 193
Let r = 2725 + -1795. Let t = r + -574. What are the prime factors of t?
2, 89
What are the prime factors of ((-3)/(-5))/((-918)/(-39181770))?
25609
Let d(u) = 391*u - 4. Let t be d(2). Suppose 52*p - 54*p = -t. List the prime factors of p.
389
Suppose 29*s - 25*s + 6 = 3*v, -5*v + 2*s + 10 = 0. Suppose -j - j = -v*h + 468, 4*h - 966 = -2*j. What are the prime factors of h?
239
Let s(f) = 223*f + 3318. What are the prime factors of s(69)?
3, 5, 29, 43
Suppose 5*n + q - 76575 = 0, -430*n + q = -432*n + 30633. List the prime factors of n.
2, 13, 19, 31
Suppose 9*a - 255 = -8*a. Suppose -a = -8*k + 5*k - 3*r, k = 5*r - 25. Suppose k = t - 3*t, 3*t = 2*w - 130. What are the prime factors of w?
5, 13
Let v = -2 + 10. Suppose 7*n - v*n + 3 = 0. List the prime factors of ((-8)/n)/((-5)/240).
2
Let h(q) = q**3 - 5*q**2 - 10*q - 4. Let j be h(7). Suppose -1559 = -5*r + b, -26*b + j*b = 8. List the prime factors of r.
311
Let a(s) = -21*s**2 + 14*s + 208. Let j be a(-8). List the prime factors of (j/(-9))/(6/9).
2, 13
Suppose 73*b - 76*b - 65784 = -3*s, -4*b = -2*s + 43864. List the prime factors of s.
2, 3, 7, 29
Let u(r) = 4 + 2*r + 3*r**2 - 2 + 3. Let k(g) = -29*g - 151. Let b be k(-5). What are the prime factors of u(b)?
101
Suppose 66595 = c + 2*f, 0 = -4*c + 5*c + 3*f - 66589. List the prime factors of c.
43, 1549
Let l = 48465 - 26183. List the prime factors of l.
2, 13, 857
What are the prime factors of ((-21662)/9)/((-32)/2 + (-28314)/(-1782))?
2, 10831
Let v(r) = -485*r - 24. Suppose 0 = 8*h + 10*h + 36. What are the prime factors of v(h)?
2, 11, 43
Suppose -1037*m = -1013*m - 182736. List the prime factors of m.
2, 3, 47
Suppose -104*i + 9*i - 112*i = -6025977. What are the prime factors of i?
43, 677
Suppose 4*a + 416 = 428. Suppose -610 = -a*f + 203. List the prime factors of f.
271
Let z = -108 - -122. Suppose 4*t = -2*l - 3*l + 2, 2*t - 4*l = z. Suppose -5*i - t*i = -1640. List the prime factors of i.
5, 41
List the prime factors of (-16)/6 + (4 - 2) + (-2510893)/(-231).
3, 3623
Suppose 4*y - 5*t + 0*t = 124, 5*y - 2*t - 155 = 0. Let k = -41 + y. Let c = 44 - k. What are the prime factors of c?
2, 3
What are the prime factors of (5 + 2 - -560)/((-8)/(-1312)*3)?
2, 3, 7, 41
Let s(q) be the second derivative of q**5/20 - q**4/12 - q**3/3 + 23*q**2 - 2*q. Let d be (-10)/55 + -7*8/(-308). List the prime factors of s(d).
2, 23
Suppose -3*l + 1544 + 79 = 0. Let h = -314 + l. List the prime factors of (-24)/108 + h/9.
5
Let r = 175452 - 107487. List the prime factors of r.
3, 5, 23, 197
Let c(m) = 2941*m**2 + 91*m - 273. List the prime factors of c(3).
3, 17, 173
Let l(d) = -d + 5. Let a be l(-7). Let o be 794/3 - a/18. Suppose 3*i = -0*i + o. What are the prime factors of i?
2, 11
Suppose -3*q - 2*t + 3*t = -13, 4*q - t = 17. Let l be (q + -2)/((-7)/(-112)). Suppose -o + l = -13. What are the prime factors of o?
3, 5
List the prime factors of -5 - (-702)/138 - (-159986)/23.
2, 37, 47
Let r(i) = 51*i**2 + 2*i - 4. Let s be r(2). Suppose -s = -8*x + 172. What are the prime factors of x?
47
Let i(l) = 15687*l**2 + 14*l + 27. List the prime factors of i(-2).
17, 3691
Let h(z) = 83 - 260*z - 84 - 258 - 24. List the prime factors of h(-6).
1277
Suppose -192*o = -201*o + 171. Suppose -o*p + 3184 = -255. List the prime factors of p.
181
Let y be (-2)/12 - 4/(24/(-25)). Suppose -4*u - y*m + 11 = -9, 4*m = -5*u + 23. Suppose -a = 5*k + a - 348, -3*a - u = 0. What are the prime factors of k?
2, 5, 7
Let x = 109995 - 58338. List the prime factors of x.
3, 67, 257
Let l(t) = t**2 - 54*t + 3486. What are the prime factors of l(-149)?
7, 61, 79
Let d = 33 + -28. Suppose -5*l - 546 = -2*j, -d*l - j = j + 534. Let y = -13 - l. What are the prime factors of y?
5, 19
Suppose -157*d - 509684 = 49*d - 5705416. What are the prime factors of d?
2, 12611
List the prime factors of (28546808/(-948))/(2 - 8/3).
17, 2657
Suppose 296 = 3*k + 326. What are the prime factors of (-1922)/k - (-60)/75?
193
List the prime factors of (-113772)/(-2) + -356 + 369.
17, 3347
List the prime factors of (2/3*-32044)/(148/(-444)).
2, 8011
What are the prime factors of ((-2)/((-4)/399))/(165/19580)?
2, 7, 19, 89
Let a(w) = 194*w - 712. What are the prime factors of a(62)?
2, 3, 23, 41
Suppose -561 = -d - 556. Suppose -d*y = -3*r - 5718, 4*y - 1896 = r + 2677. List the prime factors of y.
3, 127
List the prime factors of (-35)/(-70)*(0 - -10114).
13, 389
Let x(o) = -70*o**3 - 6*o**2 - 25*o - 134. What are the prime factors of x(-7)?
3, 7919
Let w = 326 + -323. Suppose 2*g - 1139 = -w*o, -2*g - 2*g + o = -2285. List the prime factors of g.
571
Let s = -6217 - -16028. List the prime factors of s.
9811
Let r(u) = 9*u**3 - 2*u**2 - 3*u + 4. Let v(l) = l**3 + 6*l**2 + 10*l + 5. Let g be v(-4). Let w = 5 + g. List the prime factors of r(w).
2, 31
Let b(f) = 3*f**2 + 8*f - 29. Suppose -3*u = 20 - 293. Suppose u - 27 = -8*q. What are the prime factors of b(q)?
3, 11
Suppose -4*r + 7*r = -5*h + 7800, -3*h - r = -4680. List the prime factors of h.
2, 3, 5, 13
Let q(h) = -35*h**3 - 5*h**2 + 50*h + 183. List the prime factors of q(-4).
2143
Let c = -187 + 192. Suppose 2*d = l + 796, 0 = -d - c*l + l + 389. List the prime factors of d.
397
Suppose 1112017 - 128091 = 54*j - 1645010. What are the prime factors of j?
2, 3, 4057
Suppose -602 = -2*j + y + 1137, -3484 = -4*j - 4*y. Let l = j + -210. W